alse
Is 1125886067 prime?
False
Is 39840204827 composite?
False
Is 4557445647 a composite number?
True
Is 479007451 a prime number?
False
Is 652617293 prime?
True
Is 4031357387 a prime number?
True
Is 921505549 composite?
True
Is 5365122047 prime?
False
Is 1859941247 a composite number?
False
Is 2800308127 a composite number?
False
Is 687709193 a prime number?
False
Is 7527013807 composite?
True
Is 67430734193 a composite number?
True
Is 8423035267 composite?
False
Is 756245459 a composite number?
True
Is 26073787 prime?
False
Is 26379121471 prime?
True
Is 910027751 composite?
True
Is 13945115399 a composite number?
False
Is 35270133841 a composite number?
False
Is 39168847607 composite?
True
Is 17771218481 prime?
False
Is 795030277 a composite number?
True
Is 24439163747 prime?
True
Is 20545341431 prime?
True
Is 502686523 prime?
True
Is 62335630001 composite?
False
Is 19203253577 a prime number?
True
Is 139134103 a prime number?
False
Is 876546017 composite?
False
Is 1920890973 composite?
True
Is 176743502239 composite?
False
Is 12987761 composite?
False
Is 1170399323 a composite number?
True
Is 3728381651 prime?
True
Is 46453223 a composite number?
False
Is 16037174071 prime?
True
Is 6171321361 prime?
True
Is 9341306521 prime?
False
Is 2553065843 a composite number?
False
Is 1323392773 composite?
False
Is 325954777 a composite number?
False
Is 2585130883 prime?
False
Is 1058897757 a composite number?
True
Is 542626303 prime?
False
Is 1939422971 composite?
False
Is 887783159 prime?
True
Is 90105670283 a prime number?
True
Is 384872171 prime?
True
Is 4640405713 composite?
False
Is 14605169 composite?
True
Is 10496692739 prime?
False
Is 14611102969 a prime number?
True
Is 228140063 a prime number?
True
Is 7539911107 composite?
False
Is 523163419 a prime number?
False
Is 3186741553 a prime number?
True
Is 34540226971 prime?
True
Is 792698 composite?
True
Is 2148398653 prime?
True
Is 445418021 prime?
True
Is 363309851 prime?
True
Is 2873071199 a prime number?
True
Is 2051189743 a composite number?
False
Is 570631519 prime?
True
Is 33683744429 a composite number?
True
Is 84588781 composite?
True
Is 3095888099 prime?
False
Is 1316870851 composite?
True
Is 7459671511 composite?
False
Is 24013391321 prime?
False
Is 64742967547 prime?
False
Is 59705088041 a prime number?
True
Is 40996145 composite?
True
Is 23086705349 a prime number?
False
Is 1489600381 composite?
False
Is 661416533 a prime number?
True
Is 249810999 prime?
False
Is 4655548759 composite?
True
Is 1622642981 prime?
True
Is 1047779519 prime?
False
Is 123853954787 prime?
True
Is 2198561395 prime?
False
Is 546918061 composite?
False
Is 5435449337 a composite number?
False
Is 72981852761 a prime number?
False
Is 61513261 composite?
False
Is 42980155763 prime?
True
Is 3736844907 a prime number?
False
Is 126732028133 a composite number?
False
Is 298569793 composite?
True
Is 1352929741 a composite number?
False
Is 665709637 composite?
False
Is 2136230143 composite?
False
Is 50386093171 prime?
True
Is 162742969511 a prime number?
True
Is 24238598051 prime?
True
Is 304412257 a prime number?
False
Is 10217212979 composite?
False
Is 527247517 a prime number?
True
Is 26510103013 composite?
False
Is 15532828271 composite?
False
Is 66155335453 a prime number?
True
Is 7235814763 a prime number?
True
Is 6739767317 a prime number?
False
Is 1072732886 a prime number?
False
Is 23467607519 a prime number?
True
Is 16074596921 a prime number?
True
Is 278408516233 a composite number?
True
Is 35201072411 a composite number?
True
Is 312924419 prime?
False
Is 4593890009 composite?
True
Is 2067499165 prime?
False
Is 9160639331 a prime number?
True
Is 26188746355 composite?
True
Is 61959708919 composite?
False
Is 61628380043 a prime number?
True
Is 8460336091 composite?
True
Is 178477499 a composite number?
True
Is 5391243529 prime?
False
Is 187236509 a prime number?
False
Is 54249574969 prime?
False
Is 1287016019 prime?
False
Is 32209517339 composite?
False
Is 3013386967 composite?
True
Is 275957369027 a prime number?
False
Is 209223029 a composite number?
True
Is 476060309 prime?
True
Is 16196921 a composite number?
True
Is 6091939493 prime?
True
Is 1558003237 composite?
True
Is 37878286643 composite?
True
Is 14697684047 a composite number?
False
Is 53905483271 a composite number?
False
Is 2084560391 composite?
False
Is 203978969357 a composite number?
False
Is 5982555113 prime?
True
Is 26948629649 prime?
False
Is 95607377 prime?
True
Is 18457722403 prime?
True
Is 1104799547 composite?
True
Is 354145567841 a prime number?
False
Is 14934926777 prime?
False
Is 17961636091 composite?
True
Is 270377137 a prime number?
True
Is 1729445551 a prime number?
False
Is 2686257797 a composite number?
True
Is 1001046127 prime?
True
Is 868014013 composite?
True
Is 3273338153 composite?
False
Is 1022016673 composite?
False
Is 585340363 a prime number?
False
Is 10539184933 a composite number?
True
Is 7965153421 a prime number?
False
Is 23554336283 a composite number?
True
Is 3092633003 a prime number?
True
Is 3781448369 composite?
True
Is 311448101 composite?
False
Is 1127282213 a composite number?
True
Is 3559379843 a prime number?
True
Is 39484073 a composite number?
False
Is 185969821 prime?
True
Is 6110252783 prime?
True
Is 980551897 a prime number?
False
Is 1245648689 a prime number?
True
Is 30766033 composite?
False
Is 36838868123 a prime number?
True
Is 6995360803 a prime number?
True
Is 444226361 a prime number?
False
Is 1689709733 a composite number?
True
Is 3299638079 a composite number?
False
Is 1918696343 a composite number?
True
Is 32721853109 a prime number?
False
Is 410043853 a prime number?
True
Is 1448852066 a composite number?
True
Is 1432467067 composite?
False
Is 1369754509 prime?
True
Is 5317706869 a prime number?
True
Is 18352903067 composite?
False
Is 242679833 prime?
False
Is 40107352801 composite?
True
Is 4130347159 prime?
True
Is 1600826147 a composite number?
False
Is 2624481841 a prime number?
True
Is 48920899 prime?
False
Is 905315237 a prime number?
False
Is 3234116987 a composite number?
False
Is 7780618939 composite?
True
Is 9324321737 a prime number?
False
Is 3039014167 prime?
False
Is 9670251821 composite?
True
Is 52688857187 a composite number?
False
Is 3656747803 a composite number?
True
Is 917188513 a prime number?
False
Is 2270969663 prime?
True
Is 6709896383 a composite number?
False
Is 1728666073 prime?
False
Is 1865840582 composite?
True
Is 4725214217 a prime number?
True
Is 5834472433 a prime number?
False
Is 7533418493 prime?
False
Is 970015337 composite?
False
Is 6639599591 prime?
True
Is 1703150863 composite?
True
Is 55415294947 a composite number?
False
Is 1071288095 a prime number?
False
Is 8449134094 a prime number?
False
Is 1299438263 prime?
False
Is 38828527469 composite?
False
Is 3059046533 a prime number?
True
Is 7234985479 a composite number?
False
Is 1927629331 prime?
False
Is 2227375763 composite?
False
Is 215107566409 composite?
False
Is 3128190781 composite?
True
Is 235354183 composite?
True
Is 9761769847 a composite number?
True
Is 11174202559 a composite number?
True
Is 141453531361 composite?
False
Is 26620300829 composite?
False
Is 18585256199 composite?
True
Is 61358653 composite?
True
Is 388327089013 prime?
True
Is 4531644179 prime?
False
Is 7340512187 composite?
False
Is 344237441 a composite number?
True
Is 13250368493 composite?
False
Is 5253832281 prime?
False
Is 201772093993 a prime number?
True
Is 76019992861 composite?
True
Is 381978659 a prime number?
False
Is 12638155865 prime?
False
Is 9188186663 a composite number?
False
Is 2318895401 a composite number?
True
Is 81766075439 a composite number?
False
Is 4440254593 a prime number?
True
Is 5961994879 prime?
False
Is 209134447711 a prime number?
False
Is 118726549 a composite number?
True
Is 135390683 prime?
True
Is 17201068637 a composite number?
True
Is 40173528751 a prime number?
True
Is 8266744289 a composite number?
True
Is 384809779 a composite number?
False
Is 391379429 a composite number?
True
Is 1130301889 prime?
True
Is 34953974558 a prime number?
False
Is 2582789569 a prime number?
False
Is 656389308977 a prime number?
True
Is 5966872349 composite?
False
Is 5668048051 a composite number?
False
I